n) = -5*n**2 + 6*n + 4. Let f(q) = 4*c(q) - 3*k(q). Determine f(5).
-11
Let a(p) be the third derivative of p**5/60 - p**4/8 + p**3/2 + 2*p**2. Let r be ((-8)/14)/(24/(-84)). Determine a(r).
1
Let c(l) = -2*l + 4. Let b = 8 + -7. Suppose w - 2 = b. Let j be c(w). Let i(s) = s**3 + 4*s**2 + s - 1. Determine i(j).
5
Suppose -f + 2*r + 0 = -1, -4*f + 24 = 2*r. Let k(b) = 6 - 2*b**2 + 0 - f. Give k(-2).
-7
Suppose -4*m = -6 - 6. Let w(f) = -1 - f**3 - 5*f - 7*f**2 + m - 1. Let b be (0 - 8)/1 - -2. What is w(b)?
-5
Let i(o) = 3*o + 14. Let b(x) = 5*x + 21. Let d(m) = -5*b(m) + 8*i(m). Let c(l) = 5*l - 29. Suppose -3*k + 11 = -16. Let v(a) = k*d(a) + 2*c(a). Give v(0).
5
Suppose -21 = 2*p + 5*y, -4*y - 10 - 10 = 0. Let t(n) = -n. Determine t(p).
-2
Suppose 0 = 4*t + 2*j + j + 20, -4*t = -5*j + 52. Let d(p) = -p**3 - 9*p**2 - 7*p + 6. Let r be d(t). Let x(n) = n**2 + n - 2. Determine x(r).
0
Let s(j) be the second derivative of j**4/12 - 2*j**2 - 19*j. Determine s(0).
-4
Let v(d) = d**2 - 1. Let n(x) = 3*x**2 - 6*x - 6. Let w(p) = -n(p) + v(p). Determine w(5).
-15
Let m(u) be the third derivative of -u**6/720 + u**5/30 + u**4/24 - 3*u**2. Let k(b) be the second derivative of m(b). Determine k(0).
4
Let a(y) = y**3 + y + 1. Suppose -4*g + 3*p = -2, -2*g - 9 = -g + 4*p. Calculate a(g).
-1
Let a(n) = 5*n**2 - 7. Let i(t) = 6*t**2 - 8. Let l(d) = 5*a(d) - 4*i(d). What is l(3)?
6
Let n(o) = -21 - 4*o**2 + 3*o**2 + 7 + 13. Give n(0).
-1
Let i(r) be the third derivative of r**7/840 - r**6/720 + r**5/20 - 4*r**2. Let w(u) be the third derivative of i(u). Give w(-1).
-7
Let d(h) = -2*h**3 - 6 + 0 + 4 + 3*h**2. Let o be (12/5)/(15/(-50)). Let p = -6 - o. Determine d(p).
-6
Suppose 7 = 4*a - b, 5*b - 10 = -5. Let s(x) be the first derivative of 3*x**2/2 - 11*x + 17. Let j(r) = -4*r + 12. Let i(p) = a*j(p) + 3*s(p). What is i(5)?
-4
Let b(s) be the first derivative of s**2 - s + 5. Let v(a) = 5*a**2 + 5*a + 1. Let h(t) = -2*t**2 - 2*t. Let i(c) = -7*h(c) - 3*v(c). Let q be i(0). Give b(q).
-7
Let j(w) = -w**2 - w - 1. Let d(c) = 9*c**2 + 6*c - 2. Let o(a) = 17*a**2 + 13*a - 5. Let t(z) = -5*d(z) + 3*o(z). Let h(b) = -5*j(b) - t(b). Give h(-7).
-11
Let y(g) = -g**3 - 4*g**2 - 2*g - 1. Let b(m) = -m**2 + 3*m + 2. Let n be 1/1 - 3/(-3). Suppose -3*s + n*s + 4 = 0. Let x be b(s). Calculate y(x).
-5
Let g(c) = -c**3 + 8*c**2 - 6*c - 10. Let b be (-15)/10 + (-17)/(-2). Determine g(b).
-3
Let l(p) = -6*p**2 - 5*p + 2. Let j(w) = -5*w**2 - 4*w + 2. Let h(i) = -i**2 + 3*i - 1. Let n be h(4). Let x(o) = n*j(o) + 4*l(o). Calculate x(0).
-2
Let k(l) = l**2 + 2*l - 1. Let g(j) = -j**3 - 6*j**2 - 5*j. Let s be g(-5). Suppose s*b = -b - 4. Determine k(b).
7
Let y(p) be the second derivative of p**3/6 + 5*p**2 - 5*p. Let h be y(-8). Let k(n) = -n + 2. What is k(h)?
0
Let r be -5 + 6 - (0 - 3). Let s(c) = c**3 - 5*c**2 + 3*c - 2. Calculate s(r).
-6
Let z(s) = -11*s**2 - 11*s - 5 - s**3 - 11 + 0*s**3 + 1. Give z(-10).
-5
Let n(p) = p**2 - p - 3. Let f(i) = 2*i**2 - 3*i - 6. Let j(u) = 2*f(u) - 5*n(u). Calculate j(3).
-9
Let a be (-2)/((0 - 2) + 1). Let k(s) = -2*s**a - 5 + 9 + 0*s + 5*s. Give k(4).
-8
Let d(o) be the first derivative of -o**6/72 + o**5/120 + 2*o**3/3 - 3. Let x(b) be the third derivative of d(b). What is x(1)?
-4
Suppose 29 = 7*l + 8. Let o(u) be the first derivative of 2 + 2*u + u**2 - 4/3*u**l + 1/4*u**4. What is o(3)?
-1
Let f(a) be the third derivative of a**6/120 + a**5/20 + a**4/24 - a**3/2 + 8*a**2. Let h(b) = -b**3 - 2*b**2 + 3*b - 3. Let g be h(-3). Give f(g).
-6
Let j be (-45)/30*(-8)/(-3). Let r(x) be the first derivative of x**3/3 + x**2 - 5*x + 1. Give r(j).
3
Let x = 4 - -2. Let r(c) = -c**2 + 4*c + 6. Determine r(x).
-6
Let w(x) = x**2 + 6*x + 7. Suppose 0 = -5*z - 2 + 7. Suppose -3*u = -z + 16. What is w(u)?
2
Let i(y) be the second derivative of y**4/12 + 2*y**3/3 - 2*y**2 + y. Suppose 4*a + 7 + 9 = 0. Calculate i(a).
-4
Let n(g) = -g**2 + 8*g - 8. Let v(h) = h**3 + 3*h**2 + 7. Let z be v(-3). Determine n(z).
-1
Let p(w) be the first derivative of w**3/3 + 4*w**2 + 7*w + 15. Calculate p(-5).
-8
Let u be (4 - 11) + (-2 - -1). Let m(p) = p**2 - 3*p + 2. Let i(f) = 3*f**2 - 9*f + 6. Let h(s) = u*m(s) + 3*i(s). Let z be 2 - (-2 + -2 + 3). Determine h(z).
2
Let i(r) = 7*r + 17. Let s(o) = o. Let n(u) = -i(u) + 6*s(u). What is n(0)?
-17
Let s(o) be the second derivative of o**4/12 - o**3 + 7*o**2/2 - o. Let h(t) = t**2 - 6*t + 6. Let a be h(6). Give s(a).
7
Let h(w) = -w**3 - 4*w**2 - 2*w - 5. Let o be h(-4). Let r(q) be the second derivative of q**5/20 - q**4/4 - q**3/6 + 3*q**2/2 - 24*q. Determine r(o).
0
Let m(x) = x + 2. Let d(w) = 3*w + 5. Let h(o) = -2*d(o) + 5*m(o). Let p be ((-4)/(-3))/((-2)/(-6)). Let f be (3/p)/((-2)/8). What is h(f)?
3
Let d(k) = -3*k - k**2 + 3 + k + 4*k + 0*k - k**3. Give d(-2).
3
Let j be (-2 - -1*2) + (5 - 14). Let p(a) = a**2 + 9*a - 5. Calculate p(j).
-5
Let r(m) = m**3 - 6*m**2 - 2*m + 2. Let q be (1 + 4/(-3))*-9. Let u be (7/2 - q)*12. Determine r(u).
-10
Let t = -1 + 2. Let i be 0 - t/2*4. Let c(l) = l**2 - l**3 + 3*l**3 + 4*l + 2 - 5*l. Determine c(i).
-8
Suppose -2*u + 62 = -4*y, -29 = 3*y + 2*u + 35. Let s = y - 17. Let x be 12/(-7) - (-10)/s. Let r(q) = -q**3 - q - 1. Give r(x).
9
Let d(w) be the second derivative of w**3/6 - w**2 + w. Let h = -2 - -7. Suppose -5*x - 10 = -h*j, j = -2*x + 5*x + 10. Give d(x).
-6
Let m(p) be the second derivative of -p**3/6 - p**2 - 2*p. Suppose 0 = -f - 0*f + 4. Suppose 3*l = -0*l + f*r - 4, 5*r = l + 16. Calculate m(l).
-6
Let u = 8 - 14. Let g(c) = 4 + 2 + 7*c + 0 + c**2. Calculate g(u).
0
Let s(k) = k**2 + k - 1. Suppose -j - 4*t = -6, -4*j + 5*t + 5 = j. Calculate s(j).
5
Let l(p) = 3*p - 7. Let n be 2/(-8) + 34/8. Let d(s) = 1 + 3*s**2 - 3*s + 4*s**2 - 6*s**2. Let t be d(n). Calculate l(t).
8
Suppose -2*f = -1 - 9. Suppose 4*w - 26 = -2*t, f*w - 2*w - 6 = 3*t. Let h(o) be the first derivative of -o**4/4 + 4*o**3/3 - 5*o**2/2 + 2*o - 1. What is h(t)?
-4
Let y(c) be the third derivative of c**6/120 - c**5/30 - c**4/24 + c**3/6 + c**2. Suppose -9*x - 5 = -10*x. Suppose 0 = -2*h + x + 1. Determine y(h).
7
Let h(j) be the first derivative of -2 - 5*j + 3/2*j**2. What is h(5)?
10
Let o(i) = -i**3 + 3*i**2 - 3*i + 5. Let g(n) = n**2 - n - 1. Let p(y) = -g(y) - o(y). Determine p(3).
-1
Let a(p) = -p**3 + 2*p**2 + 2*p + 3. Let z(w) = w**3 - 5*w**2 + 6*w - 4. Let o be z(4). Suppose 3*x - j + o*j = 0, -2*j = -5*x + 21. Calculate a(x).
0
Let g(f) = 8*f + 7*f + f**2 + 5 - 23*f. What is g(8)?
5
Let g = 11 - 10. Let y(b) = 4*b - 7. Let t(o) = o + 1. Let z(s) = g*y(s) + 6*t(s). Suppose 0 = -5*q + w + 9, 3*w = -4*q + 2*q - 10. Give z(q).
9
Let b(c) be the first derivative of c**4/2 + c**2 - c - 18. Determine b(1).
3
Let w = 14 - 10. Let c = -2 + 3. Let p(l) = w - 6 - 2*l - c + l. What is p(-5)?
2
Let t(f) be the third derivative of -f**6/60 - f**5/20 - f**4/12 + f**3/3 - 11*f**2. What is t(-2)?
10
Let w = 18 + -19. Let n(o) = 7*o**2. What is n(w)?
7
Let h(t) = t**3 + 5*t**2 + 3*t - 5. Suppose 0 = -5*y - 5*o + 10, 0 = 3*y - 5*o + 9 + 1. Suppose -w - 2*w - 12 = y. What is h(w)?
-1
Let v be 1 + 1*(-12)/(-2). Let c(u) = -1 + 2422*u - 1 - 2421*u. Give c(v).
5
Let h(m) = 0*m + m**2 + 0*m + m + 2 + m**3. Determine h(-3).
-19
Let v(p) = -16 - p + 6 + 11. Let g(d) = -3*d - 1. Let z(y) = -g(y) + 2*v(y). What is z(-6)?
-3
Let d = -1 + -3. Let m(b) = -b**3 + 6*b**2 + 2*b + 2. Let o(u) = -3*u**3 + 13*u**2 + 5*u + 4. Let w(n) = -5*m(n) + 2*o(n). Calculate w(d).
-2
Let m = -29 - -20. Let f = m + 8. Let k(w) = -w - 1. Calculate k(f).
0
Suppose 7*w + 4 = 3*w. Let g(d) = -11*d**3 + d**2 - d - 1. Determine g(w).
12
Let d(i) = 4*i**2 + 49*i + 29. Let z(n) = n**2 + 12*n + 7. Let y(r) = 2*d(r) - 9*z(r). Give y(-4).
19
Let y(f) be the first derivative of f**2/2 + 2*f - 21. Calculate y(-4).
-2
Let s(m) = -m**2 - 5*m + 6. Let y be (0 - 2)/(-1) - -18. Suppose a = -3*a - y. Calculate s(a).
6
Let o(y) = 7*y**3 - 3*y**2 - 6*y - 2. Let f(g) = -8*g**3 + 4*g**2 + 6*g + 2. Let q(a) = 6*f(a) + 7*o(a). Determine q(-4).
6
Let p(n) = -2*n - 12. Suppose j = -4*j - 40. Let t be p(j). Let x(c) = 4*c**2 + t*c**3 + 3*c**3 - 2*c**3 - 1 - 6*c**3. Give x(3).
8
Let a(o) be the second derivative of o**5/20 - o**4/6 - o**3/3 - o**2/